ommon factor of m and j?
1
Let g(q) = 2*q**2 - 70*q + 56. Let p be g(42). Calculate the highest common divisor of 56 and p.
28
Let v = -393 + 409. Suppose -4*z = -20, -2*p = 2*p - 4*z + 44. Let d be 15/((-5)/(160/p)). What is the greatest common factor of d and v?
16
Suppose -6*b + 3*b + 145 = h, -2*h = -b + 46. Let p be (-2)/(-6) - (-430)/6. Calculate the greatest common divisor of b and p.
24
Suppose 2*j + j = 15. Suppose 30 - j = -4*u + m, 5*m + 50 = -5*u. Let n = 12 + u. Calculate the greatest common divisor of n and 1.
1
Let k(h) = h**2 - h + 34. Let d(o) = -4*o - 4. Let s be d(-1). Let f be k(s). What is the highest common divisor of 85 and f?
17
Suppose -2*b = -2*o - o - 137, -138 = -2*b + 2*o. Suppose -74*c + 8 = -b*c. What is the greatest common divisor of c and 3?
1
Suppose -3*a - 17 = -4*r, -2*a - a = 5*r - 1. Let p = -6 - -27. Let b be p + (1 - 2)*-1. Calculate the greatest common divisor of b and r.
2
Let v(x) = 5*x**2 + 5*x + 5. Let j be v(-5). Let b = -1345 + 1415. What is the highest common factor of j and b?
35
Let k be -4 + (45/(-5 - -2) - -2). Let d = 102 + k. Suppose 51 = -j + 4*j. What is the greatest common divisor of j and d?
17
Suppose -2*h - 4*j = -1070, -4*h - 17*j = -15*j - 2116. What is the highest common divisor of h and 17?
17
Suppose -3*c - 12 = c. Let n be -3*c/((-27)/(-12)). What is the greatest common factor of 2 and n?
2
Let y(d) = d**2 + 11*d + 24. Let z be y(-10). Let b be z/6*(1 + 2). Calculate the greatest common factor of b and 14.
7
Suppose -25 = -5*r + 5*y, 5*r - y = -0*y + 13. Suppose 3*t = -3*i + 39, 0 = r*i + 3*t - 16 - 15. Calculate the greatest common divisor of i and 8.
8
Let g = -32 + 56. Calculate the greatest common factor of 384 and g.
24
Let k be (-2)/(-4) + 219/2. Let r(a) = -2*a**2 - a - 5. Let f be r(-3). Let d be f/50 - ((-47)/5 + -1). What is the highest common factor of k and d?
10
Let p = -60 - -73. Let t(y) be the first derivative of 7*y**3/3 - 2*y - 1. Let b be t(-2). What is the highest common factor of b and p?
13
Let w(l) be the third derivative of -3*l**4/4 - l**3/3 + 29*l**2. Let t be w(-1). What is the greatest common factor of 80 and t?
16
Let g(m) = 3*m - 9. Let i be g(9). Let y = i + -18. Suppose -k + 15 = -y*k. What is the highest common factor of 165 and k?
15
Let u = -11563 + 11579. Let a(g) = 4*g - 4. Let d be a(6). Calculate the highest common divisor of d and u.
4
Suppose -3*r + 1050 = -r. Suppose -2*b = 3*b - r. Suppose -5*l + b = 2*l. What is the greatest common divisor of 6 and l?
3
Suppose 27*i - 25*i - 5*b = 14, 0 = -i - 4*b + 33. Let s(c) = 23*c - 1. Suppose -2 = -5*a + 13. Let j be s(a). What is the highest common divisor of j and i?
17
Let j(s) = s**2 + 29*s + 127. Let i be j(-24). Calculate the highest common factor of i and 9.
1
Let c = -18 + 34. Suppose -3*p - p + c = 0. Suppose -5*m = -5*i + 280, -4*m + 343 - 127 = p*i. Calculate the greatest common factor of 5 and i.
5
Let s(y) = y**2 + 5*y + 4. Let o be s(8). What is the highest common divisor of o and 396?
36
Suppose 116 = 5*m - 69. Let y be 20*6 - (36 - (1 + 26)). What is the highest common divisor of m and y?
37
Let r(y) = -y**2 - 6*y - 1. Let c be r(-5). Let h be (-20)/c*(-36)/20. Let x be -5*(-2 + (-7)/1). Calculate the greatest common divisor of x and h.
9
Let f be (-14)/(-1*2/6). Let u = 18 - 15. Suppose -u*i + 4*w = -67, 59 = 3*i - w + 5*w. Calculate the highest common divisor of f and i.
21
Let m(o) = -3*o - 3. Let k be m(-2). Suppose -4*z - k*f + 14 = -0*z, -2*z + 3*f = -16. Let c be 6/27 + 268/9. Calculate the highest common divisor of c and z.
5
Let t(l) = 4*l**3 - 3*l + 1. Let u be t(2). Let h = 23 - 20. What is the greatest common factor of h and u?
3
Let a = 14 + 22. Suppose -4 + 0 = 4*n, 13 = 4*j + 3*n. Calculate the greatest common factor of j and a.
4
Suppose 2*h = -h + 2*o + 98, -5*h = -4*o - 160. Let l be (-48)/h*9*-1. What is the highest common factor of 36 and l?
12
Suppose 60 = 2*v + 5*r, -2*v + 2 = 2*r - 46. What is the greatest common divisor of 410 and v?
10
Suppose -8*q = -5*q - 360. Let h = -41 + 89. What is the greatest common divisor of h and q?
24
Let q(c) = c**2 + 5*c - 5. Let n be q(-6). Let g = -278 + 279. What is the greatest common divisor of n and g?
1
Suppose -q + 4*i = -82, 20*q - 19*q = 3*i + 79. What is the highest common factor of 238 and q?
14
Suppose -2*h + 132 = 5*p, 0*p - p = -5*h - 48. What is the highest common factor of p and 28?
28
Suppose -2*a + 30 = 4*l, 0*a = -3*l + a + 10. Let x(y) = 9*y - 5. Let i be x(l). Calculate the highest common factor of 100 and i.
20
Let m = 47 - -8. Suppose 0 = 5*b + r - 211, 3*r + 91 = 3*b - 50. Suppose 1 + b = 2*o. Calculate the greatest common divisor of m and o.
11
Let f(z) = z**2 - 23. Let m be f(0). Let q = -10 - m. Let x = -19 + 58. What is the highest common divisor of x and q?
13
Let m(r) = 89*r**3 - r**2 - 11*r + 11. Let k be m(1). Let p = 11 + 1. Let a = p + -4. Calculate the highest common factor of a and k.
8
Let q be 306/22 - (-1)/11. Let o(t) = -t**2 + 22*t - 8. Let k be o(12). Calculate the highest common factor of k and q.
14
Let k be ((-8)/(-4))/(2/5). Calculate the highest common factor of k and 9.
1
Let p(i) = -16*i**2 - i + 1. Let l be p(3). Let y be (-500 + 0)*(6 + (-78)/12). Let x = y + l. Calculate the highest common divisor of x and 13.
13
Let o = 32 - 38. Let y(p) = -p**3 - 5*p**2 - 6. Let j be y(o). Suppose j = 5*t - 50. Calculate the greatest common factor of t and 176.
16
Let s = 36 + 5. Suppose -x + 2*d + s = 0, -2*d - 2 = -d. What is the greatest common divisor of x and 296?
37
Let z be ((-4)/6)/(7/(-126)). Calculate the highest common factor of 48 and z.
12
Let h be -1*1 + (11 - 1). Suppose 46 = -3*a - 26. Let f = 33 + a. What is the highest common factor of f and h?
9
Suppose p - 3*d - 2799 = -6*d, -3*d = -3*p + 8337. What is the highest common divisor of p and 48?
48
Suppose -27 = 3*g - 0. Let a = g - -45. Suppose -a = -2*u - 2*u. What is the highest common factor of 36 and u?
9
Let f be (0 - (-42)/(-49))/(4/(-112)). What is the greatest common factor of f and 132?
12
Let p be (6/12)/(2/28). Suppose p*s = 110 + 142. Suppose h = 1 + 8. What is the highest common factor of s and h?
9
Let s(f) = 171*f - 725. Let t be s(5). Calculate the greatest common divisor of 1144 and t.
26
Suppose 10 + 16 = 5*h + 3*s, h + 3*s = 10. Suppose -x = -22 + h. Calculate the highest common factor of x and 6.
6
Let m(x) = x**2 - 7*x. Let w be m(7). Let t be (-1 - -2)*17*(w - -1). What is the highest common divisor of 1 and t?
1
Let d(b) = b - 6 - 4*b + 15. Let t(h) = h**2 - 12*h + 27. Let m be t(6). Let s be d(m). What is the greatest common factor of 9 and s?
9
Suppose -l - 2*j = -103, -25*j + 27*j = -2*l + 208. Let t be 8/(-5)*(-20)/4. Suppose t*f = 3*f + 75. What is the highest common factor of l and f?
15
Let s(l) = -l + 30. Suppose 7*m + 36 = -48. Let u be s(m). What is the highest common factor of 12 and u?
6
Let r(w) = w**3 + 20*w**2 + 19*w + 50. Let k be r(-19). What is the greatest common divisor of 20 and k?
10
Let f(j) = 3*j + 30. Let s be f(-31). Let v(r) = r - 2. Let n be v(-2). Let b be (-3168)/s - n/(-14). Calculate the highest common divisor of 5 and b.
5
Let n = 12 - 9. Let t(w) = 0 - 2 - 4*w + 3*w. Let y be t(-8). Calculate the greatest common divisor of n and y.
3
Let x(s) = 11*s - 18. Let r be x(4). Let g be (-1 - -1)/(1 + 0). Suppose g = 4*w - r - 38. What is the highest common factor of 176 and w?
16
Suppose 0 = 19*j - 0*j - 551. What is the greatest common divisor of j and 116?
29
Suppose 0 = 10*o - 0*o - 10. Let s be 66 + -5 + (o + 2 - 2). Calculate the highest common divisor of 93 and s.
31
Let i = -91 + 127. Let w = -52 + i. Let l = w - -32. Calculate the greatest common divisor of l and 8.
8
Let f(u) = -u**2 + 10*u - 6. Let i be f(8). Let g = 1811 + -1651. Calculate the greatest common divisor of g and i.
10
Suppose -9*x + 2754 = 738. Calculate the highest common factor of 14 and x.
14
Let s = 153 - 231. Let q = s + 112. Let t = q + -4. What is the greatest common factor of 75 and t?
15
Suppose -2*b + 5 = 5*z + 21, -14 = b + 4*z. Suppose -55 = -6*l + b*l + 5*p, 0 = -3*l - 5*p + 85. What is the highest common divisor of l and 10?
10
Suppose 29*n - 72 - 421 = 0. Calculate the highest c